he remainder when 20 is divided by f(-10).
6
Suppose i = -5*u + 65, -3*u + 45 = 2*i - 1. What is the remainder when 59 is divided by u?
11
Suppose -3*c - 10 = 4*r + 2, -3*r = -c - 4. Suppose r*o + 6 = 3*o. What is the remainder when 4 is divided by o?
0
Suppose -3*g - 2*i - 227 = 0, 2*g - 5*i + 132 - 6 = 0. Calculate the remainder when g/(-3) + (-13)/39 is divided by 14.
10
What is the remainder when 33 is divided by ((1 + 8)*-1)/(-1)?
6
Suppose -u + 572 = 10*u. What is the remainder when u is divided by 18?
16
Let k = -3 - -13. Let m = -156 - -158. Suppose -4*c + 3 = -m*f + 29, -f - c = -k. What is the remainder when 43 is divided by f?
10
Let n(x) = x**2 - 17*x + 47. Calculate the remainder when 48 is divided by n(15).
14
Let s = -234 - -341. Calculate the remainder when s is divided by 22.
19
Suppose -127 = -3*v - 16. Suppose 21 = -4*l + 97. What is the remainder when v is divided by l?
18
Suppose 370 = 5*g - 0*g. Let s = 126 - g. Let x = 7 - -11. What is the remainder when s is divided by x?
16
Let c(s) = 4*s. Let z be c(1). Suppose -z*v + 33 = -15. What is the remainder when 47 is divided by v?
11
Suppose 3*z - 25 = 26. What is the remainder when 100 is divided by z?
15
Let q be ((-2)/5)/(12/(-120)). Suppose -2*h - q*u = -h - 15, -h = -4*u - 31. What is the remainder when h is divided by 12?
11
Let l(w) = -w**2 - 6*w + 4. What is the remainder when 14 is divided by l(-6)?
2
Let o(b) = 15*b + 1. Let f be o(1). Let p = 70 - f. What is the remainder when p is divided by 14?
12
Let f(d) = d**3 - 4*d**2 + 4*d - 6. Calculate the remainder when f(5) is divided by 21.
18
Let z = 3 - -1. Suppose -z*j + 48 = -j. What is the remainder when 2/5 - (-233)/5 is divided by j?
15
Let i be 9/2 + (-1)/2. Suppose -2*j + m + i = 0, 4*j - 5 = 3*m - 1. What is the remainder when j is divided by 3?
1
Suppose 3*k = 3*t - 72, 4*t - 3*k - 155 + 57 = 0. Let d = t - 14. What is the remainder when 35 is divided by d?
11
Suppose 113 = 3*w - 538. Suppose 3*t - 5*l = w, 346 = 3*t + 5*l + 89. Calculate the remainder when t is divided by 27.
25
Let l = -97 - -169. Suppose m = -2*m + l. Calculate the remainder when 71 is divided by m.
23
Suppose -2*n = -6*n - 20. Let c = n - -55. Calculate the remainder when c is divided by 17.
16
Let i(o) = -3*o**3 - 2*o**2 - 5*o + 6. Let r = 12 + 5. What is the remainder when i(-3) is divided by r?
16
Let g(f) = f + 6. Let b be g(-8). Let w = 142 - 93. Calculate the remainder when w is divided by (34/(-4))/(b/4).
15
Let o(g) = g**3 + 5*g**2 - 4*g + 1. Let v be o(-6). Let w = v - -24. Calculate the remainder when w is divided by 4.
1
Suppose -2*v + 4*v + 2 = 0. Suppose -3*j = -2*p - 43, 2*j - 62 = 2*p + p. What is the remainder when (v - 2)/(3/p) is divided by 7?
6
Let c(r) = -r - 1. Let w be c(4). Let n(i) = -10*i + 6. Calculate the remainder when n(w) is divided by 19.
18
Let r = -5 - -6. What is the remainder when r is divided by 1?
0
Let h = 14 - 11. Calculate the remainder when h*((-12)/(-2) - 0) is divided by 10.
8
Let c(w) = w - 2. Let y(t) = -3*t + 5. Let u(x) = 5*c(x) + 2*y(x). Let q be u(9). Calculate the remainder when (32/(-6))/(3/q) is divided by 9.
7
Suppose -d = -0*d - 3. Let f be -2 - (2 - 18/d). Suppose -19 = -w + 3*z - 4*z, 0 = -f*w + 4*z + 8. Calculate the remainder when 54 is divided by w.
12
Let h(b) = b**2 - 7*b + 2. Let j be h(7). Suppose 0 = -5*d + 15, -i - j*d + 150 = 3*i. Let g = -13 + 32. What is the remainder when i is divided by g?
17
Let k(j) = -3*j + 7. What is the remainder when 126 is divided by k(-3)?
14
Suppose -4*v = -33 - 43. What is the remainder when v is divided by 10?
9
Let u(k) = 5*k**2 - 6*k + 3. Let b(r) = -r**2 - 1. Let o(i) = -6*b(i) - u(i). Calculate the remainder when 5 is divided by o(-6).
2
Suppose 3*b - 2*l - 46 = 2*l, -b + 16 = -l. Let h = 231 - 126. Suppose h = d + 2*d. Calculate the remainder when d is divided by b.
17
Let d be -4 - -2 - (-5 - -2). Suppose 9 - d = m. What is the remainder when 31 is divided by m?
7
Calculate the remainder when 44 is divided by 11 + 1*2/2.
8
Let a be (-320)/(-70) - 6/(-14). Let r = a + -1. Suppose 68 - 312 = -r*n. What is the remainder when n is divided by 16?
13
Let o = 1 + -1. Let g = o - 1. What is the remainder when 4 is divided by 28/10 + g/(-5)?
1
Suppose 19 = 3*f - 47. What is the remainder when f is divided by 6?
4
Let n(q) = -q**3 + 13*q**2 - 10*q - 8. Let j(v) = 9*v**2 - 2*v - 1. Let i be j(-1). Suppose 2*z - 8 - i = 0. Calculate the remainder when n(12) is divided by z.
7
Let x(v) = 3*v - 21. Calculate the remainder when 17 is divided by x(9).
5
Let j(s) = -s**3 + 11*s**2 + s - 9. Suppose 4 = -3*y - 2. What is the remainder when j(11) is divided by -2*1/4*y?
0
Calculate the remainder when 111 is divided by (7/(-2))/((-30)/60).
6
Suppose -g + 11 = t, -t + 2*g - 9 = -2*g. Suppose -4*d = -t - 49. Calculate the remainder when d is divided by 6.
2
Suppose 5*g - d - 33 = 0, 0 = 2*g - 4*g + 4*d + 6. Let a = -10 + g. Calculate the remainder when a/(-9)*-1*-93 is divided by 8.
7
Suppose -8*o + 76 = 4. What is the remainder when o is divided by 6?
3
Suppose 55 + 1 = 4*l - 4*o, -4*o = 8. Calculate the remainder when l is divided by 3.
0
Suppose 0 = 3*n - 0*n - 81. Suppose -5*f - n = -4*i, f = 4*i - 0*f - 31. What is the remainder when i is divided by 3?
2
Let t(d) = -d**3 + 7*d**2 + 1. Calculate the remainder when t(5) is divided by 18.
15
What is the remainder when 48 is divided by 3 + -7 + 3 + 20?
10
Let v(w) = -w**3 + 15*w**2 + 15*w + 22. What is the remainder when 17 is divided by v(16)?
5
Suppose -2*k = -3*u + 2, -3*u + u + 3*k = 7. Suppose 31 = s - 2*s + u*f, 5*s + 59 = -4*f. Let h = 33 + s. Calculate the remainder when 70 is divided by h.
16
Suppose -7 = -3*g + 5. Calculate the remainder when g is divided by (11 + -13)*(27/(-6))/3.
1
Let g(y) = 5*y - 5. Let i be 63/12 - 1/4. Calculate the remainder when 58 is divided by g(i).
18
Let o(r) = r**2 - 8*r + 15. What is the remainder when 4 is divided by o(6)?
1
Let u be 8/(-4) - 0 - -3. Suppose m + u - 16 = 0. What is the remainder when m is divided by 9?
6
Calculate the remainder when 83 is divided by 3 - 25/2*-2.
27
Let q(z) be the third derivative of z**5/30 + 5*z**4/24 + 5*z**3/6 - 5*z**2. Calculate the remainder when 14 is divided by q(-3).
6
What is the remainder when (-6)/33 - 1322/(-11) is divided by 41?
38
Let m(z) = z**3 - 10*z**2 - 8*z - 1. What is the remainder when m(11) is divided by 17?
15
Suppose -s - 5*f = -9, 5*s = 4*s - 4*f + 9. Calculate the remainder when 22 is divided by s.
4
What is the remainder when 71 is divided by 1*(0/3 + 36 + 1)?
34
Let f(q) = -q**3 - 13*q**2 + q + 16. Calculate the remainder when 4 is divided by f(-13).
1
Suppose -10 = -a + 5*t, 2*t + 0*t = 3*a - 17. Suppose -3*m + 10 = a*h, -4*h = -3*m - m - 8. Calculate the remainder when 5 is divided by h.
1
Let j be 0 + (-2 + 2)/2. Let s(p) = -1. Let m(f) = f - 8. Let t(b) = -m(b) + 6*s(b). What is the remainder when 2 is divided by t(j)?
0
Suppose -2*c + 4 = -j, c - 3*j = -2*c + 9. What is the remainder when -16*(c - (-5)/(-2)) is divided by 9?
6
Suppose z + 15 = -4*z. Let l be -2 + (-2 - (z - 1)). Suppose -a - 5*j + 54 = l, -2*a - 5*j - 2 = -100. What is the remainder when a is divided by 15?
14
Suppose -v - v + 5*u = -100, 2*v = -u + 76. Calculate the remainder when 119 is divided by v.
39
Let f(b) = b**3 + 8*b**2 + 3*b - 9. Let a be f(-7). Suppose 0 = -5*u + 69 - a. Calculate the remainder when u is divided by 3.
1
Suppose 5*m - 5 = -5*o, -3*o + 0*o = -m + 17. Let b = m + 4. Let u = -17 - -34. What is the remainder when u is divided by b?
8
Suppose 16 = m + 6*d - 3*d, 3*m = -4*d + 28. Suppose -4*j - 5*b = -0*b - 4, -3*b = 3*j - 6. Calculate the remainder when j is divided by m.
2
Suppose -2*m + 3*x + 12 = 0, 3*m - 4*m + 1 = x. Let s = 2 - m. What is the remainder when 19 is divided by s/(-2)*2*10?
9
Let x(l) be the second derivative of l**5/20 + 7*l**4/12 + 5*l**3/6 - 7*l**2/2 - 5*l. Let o be 2/(-1) - 3/1. Calculate the remainder when x(o) is divided by 10.
8
Let k(b) = -b + 32. Calculate the remainder when k(0) is divided by 12.
8
Suppose 4*v = 2*v. Suppose v = 4*b - 6*b + 82. Let d(z) = -5*z + 4. Calculate the remainder when b is divided by d(-2).
13
Suppose -6 = -2*v + 36. Calculate the remainder when (-179